{"id":3892,"date":"2024-10-28T09:39:56","date_gmt":"2024-10-28T08:39:56","guid":{"rendered":"https:\/\/targer.ba\/soi\/?post_type=speaker&#038;p=3892"},"modified":"2024-10-28T09:39:57","modified_gmt":"2024-10-28T08:39:57","slug":"natasa-cikac","status":"publish","type":"speaker","link":"https:\/\/targer.ba\/soi\/speaker\/natasa-cikac\/","title":{"rendered":"Nata\u0161a Cika\u010d"},"content":{"rendered":"\n<p>Moja misija je unapre\u0111enje nabavne djelatnosti, \u0161to pokazujem svojim djelovanjem na tr\u017ei\u0161tu. Sura\u0111ujem s renomiranim poduze\u0107ima na projektima transformacije nabave, unapre\u0111enja kompetencija zaposlenika i kreiranja prostora za u\u0161tede i stvaranje profita. Drago mi je \u0161to mogu spomenuti da svi klijenti putem suradnje sa mnom sudjeluju u sponzorstvima u segmentu glazbe i obrazovanja, budu\u0107i da redovito odvajam dio prihoda kako bih podr\u017eala aktivnosti u zajednici koje smatram va\u017enima.<br><br>Kroz svoje djelovanje prepoznata sam i po Nabavnoj akademiji u 3 modula, autorskom programu edukacija za profesionalce u nabavi. Taj program zavr\u0161ilo je vi\u0161e od 350 polaznika iz Hrvatske i regije, iz razli\u010ditih grana industrije.<\/p>\n\n\n\n<p>U svom radu koristim&nbsp;<strong>PAM\u00a9\ufe0f inovativnu metodologiju procjene<\/strong>, koju sam razvila tijekom svoje dugogodi\u0161nje poslovne prakse te kroz rad s doma\u0107im i me\u0111unarodnim klijentima.&nbsp;<strong>PAM kao strate\u0161ki alat<\/strong>&nbsp;obuhva\u0107a sagledavanje i analizu kompletnog procesa nabave kroz \u010detiri klju\u010dna parametra: proces, resurse, operacije i mjerljivost. Tom metodom utvr\u0111ujem uska grla u procesu, pobolj\u0161avam proces i kompetencije, smanjujem gubitke, stvaram dodanu vrijednost za kupce i krajnje korisnike. Saznajte vi\u0161e o PAM\u00a9\ufe0f metodologiji procjene na&nbsp;Nabavnoj akademiji&nbsp;ili kroz&nbsp;knjigu&nbsp;Operativna i strate\u0161ka nabava: stvaranje profita kroz upravljanje procesima u nabavi, \u010dija sam autorica.<\/p>\n","protected":false},"excerpt":{"rendered":"<p>Moja misija je unapre\u0111enje nabavne djelatnosti, \u0161to pokazujem svojim djelovanjem na tr\u017ei\u0161tu. Sura\u0111ujem s renomiranim poduze\u0107ima na projektima transformacije nabave, unapre\u0111enja kompetencija zaposlenika i kreiranja prostora za u\u0161tede i stvaranje profita. Drago mi je \u0161to mogu spomenuti da svi klijenti&#8230;<\/p>\n","protected":false},"author":2,"featured_media":0,"comment_status":"open","ping_status":"closed","template":"","meta":{"iawp_total_views":2,"footnotes":""},"speaker-category":[],"speaker-tags":[],"location":[],"class_list":["post-3892","speaker","type-speaker","status-publish","hentry"],"_links":{"self":[{"href":"https:\/\/targer.ba\/soi\/wp-json\/wp\/v2\/speaker\/3892","targetHints":{"allow":["GET"]}}],"collection":[{"href":"https:\/\/targer.ba\/soi\/wp-json\/wp\/v2\/speaker"}],"about":[{"href":"https:\/\/targer.ba\/soi\/wp-json\/wp\/v2\/types\/speaker"}],"author":[{"embeddable":true,"href":"https:\/\/targer.ba\/soi\/wp-json\/wp\/v2\/users\/2"}],"replies":[{"embeddable":true,"href":"https:\/\/targer.ba\/soi\/wp-json\/wp\/v2\/comments?post=3892"}],"version-history":[{"count":1,"href":"https:\/\/targer.ba\/soi\/wp-json\/wp\/v2\/speaker\/3892\/revisions"}],"predecessor-version":[{"id":3894,"href":"https:\/\/targer.ba\/soi\/wp-json\/wp\/v2\/speaker\/3892\/revisions\/3894"}],"wp:attachment":[{"href":"https:\/\/targer.ba\/soi\/wp-json\/wp\/v2\/media?parent=3892"}],"wp:term":[{"taxonomy":"speaker-category","embeddable":true,"href":"https:\/\/targer.ba\/soi\/wp-json\/wp\/v2\/speaker-category?post=3892"},{"taxonomy":"speaker-tags","embeddable":true,"href":"https:\/\/targer.ba\/soi\/wp-json\/wp\/v2\/speaker-tags?post=3892"},{"taxonomy":"location","embeddable":true,"href":"https:\/\/targer.ba\/soi\/wp-json\/wp\/v2\/location?post=3892"}],"curies":[{"name":"wp","href":"https:\/\/api.w.org\/{rel}","templated":true}]}}

Nataša Cikač

<p>Moja misija je unapređenje nabavne djelatnosti, što pokazujem svojim djelovanjem na tržištu. Surađujem s renomiranim poduzećima na projektima transformacije nabave, unapređenja kompetencija zaposlenika i kreiranja prostora za uštede i stvaranje profita. Drago mi je što mogu spomenuti da svi klijenti putem suradnje sa mnom sudjeluju u sponzorstvima u segmentu glazbe i obrazovanja, budući da redovito odvajam dio prihoda kako bih podržala aktivnosti u zajednici koje smatram važnima.<br><br>Kroz svoje djelovanje prepoznata sam i po Nabavnoj akademiji u 3 modula, autorskom programu edukacija za profesionalce u nabavi. Taj program završilo je više od 350 polaznika iz Hrvatske i regije, iz različitih grana industrije.</p>



<p>U svom radu koristim&nbsp;<strong>PAM©️ inovativnu metodologiju procjene</strong>, koju sam razvila tijekom svoje dugogodišnje poslovne prakse te kroz rad s domaćim i međunarodnim klijentima.&nbsp;<strong>PAM kao strateški alat</strong>&nbsp;obuhvaća sagledavanje i analizu kompletnog procesa nabave kroz četiri ključna parametra: proces, resurse, operacije i mjerljivost. Tom metodom utvrđujem uska grla u procesu, poboljšavam proces i kompetencije, smanjujem gubitke, stvaram dodanu vrijednost za kupce i krajnje korisnike. Saznajte više o PAM©️ metodologiji procjene na&nbsp;Nabavnoj akademiji&nbsp;ili kroz&nbsp;knjigu&nbsp;Operativna i strateška nabava: stvaranje profita kroz upravljanje procesima u nabavi, čija sam autorica.</p>

<p>Moja misija je unapređenje nabavne djelatnosti, što pokazujem svojim djelovanjem na tržištu. Surađujem s renomiranim poduzećima na projektima transformacije nabave, unapređenja kompetencija zaposlenika i kreiranja prostora za uštede i stvaranje profita. Drago mi je što mogu spomenuti da svi klijenti&#8230;</p>
