{"id":3328,"date":"2022-08-03T13:33:53","date_gmt":"2022-08-03T13:33:53","guid":{"rendered":"https:\/\/targer.ba\/soi\/?post_type=speaker&#038;p=3328"},"modified":"2022-08-04T11:22:43","modified_gmt":"2022-08-04T11:22:43","slug":"drago-cmuk","status":"publish","type":"speaker","link":"https:\/\/targer.ba\/soi\/speaker\/drago-cmuk\/","title":{"rendered":"Drago Cmuk"},"content":{"rendered":"\n<p>Dr.sc. Drago Cmuk, Chief Business Officer u CADCAM Group za Hrvatsku i predava\u010d iz podru\u010dja digitalne transformacije poduze\u0107a. Dr. Drago Cmuk, poslovni direktor tvrtke CADCAM Design Centar, \u010dlanice CADCAM Grupe, je IoT stru\u010dnjak s me\u0111unarodnim dvostrukim doktoratom. Bogato iskustvo u istra\u017eivanju i razvoju, proizvodnji i implementaciji poslovnih i IoT platformi stekao je na prethodnoj poziciji te kao predava\u010d na vi\u0161e doma\u0107ih i stranih fakulteta. Dr. Drago Cmuk je i potpredsjednik Klastera ICT industrije te \u010dlan Sektorskog vije\u0107a za elektrotehniku i ra\u010dunarstvo.<\/p>\n","protected":false},"excerpt":{"rendered":"<p>Dr.sc. Drago Cmuk, Chief Business Officer u CADCAM Group za Hrvatsku i predava\u010d iz podru\u010dja digitalne transformacije poduze\u0107a. Dr. Drago Cmuk, poslovni direktor tvrtke CADCAM Design Centar, \u010dlanice CADCAM Grupe, je IoT stru\u010dnjak s me\u0111unarodnim dvostrukim doktoratom. Bogato iskustvo u&#8230;<\/p>\n","protected":false},"author":1,"featured_media":3330,"comment_status":"open","ping_status":"closed","template":"","meta":{"iawp_total_views":7,"footnotes":""},"speaker-category":[],"speaker-tags":[],"location":[],"class_list":["post-3328","speaker","type-speaker","status-publish","has-post-thumbnail","hentry"],"_links":{"self":[{"href":"https:\/\/targer.ba\/soi\/wp-json\/wp\/v2\/speaker\/3328","targetHints":{"allow":["GET"]}}],"collection":[{"href":"https:\/\/targer.ba\/soi\/wp-json\/wp\/v2\/speaker"}],"about":[{"href":"https:\/\/targer.ba\/soi\/wp-json\/wp\/v2\/types\/speaker"}],"author":[{"embeddable":true,"href":"https:\/\/targer.ba\/soi\/wp-json\/wp\/v2\/users\/1"}],"replies":[{"embeddable":true,"href":"https:\/\/targer.ba\/soi\/wp-json\/wp\/v2\/comments?post=3328"}],"version-history":[{"count":2,"href":"https:\/\/targer.ba\/soi\/wp-json\/wp\/v2\/speaker\/3328\/revisions"}],"predecessor-version":[{"id":3331,"href":"https:\/\/targer.ba\/soi\/wp-json\/wp\/v2\/speaker\/3328\/revisions\/3331"}],"wp:featuredmedia":[{"embeddable":true,"href":"https:\/\/targer.ba\/soi\/wp-json\/wp\/v2\/media\/3330"}],"wp:attachment":[{"href":"https:\/\/targer.ba\/soi\/wp-json\/wp\/v2\/media?parent=3328"}],"wp:term":[{"taxonomy":"speaker-category","embeddable":true,"href":"https:\/\/targer.ba\/soi\/wp-json\/wp\/v2\/speaker-category?post=3328"},{"taxonomy":"speaker-tags","embeddable":true,"href":"https:\/\/targer.ba\/soi\/wp-json\/wp\/v2\/speaker-tags?post=3328"},{"taxonomy":"location","embeddable":true,"href":"https:\/\/targer.ba\/soi\/wp-json\/wp\/v2\/location?post=3328"}],"curies":[{"name":"wp","href":"https:\/\/api.w.org\/{rel}","templated":true}]}}

<p>Dr.sc. Drago Cmuk, Chief Business Officer u CADCAM Group za Hrvatsku i predavač iz područja digitalne transformacije poduzeća. Dr. Drago Cmuk, poslovni direktor tvrtke CADCAM Design Centar, članice CADCAM Grupe, je IoT stručnjak s međunarodnim dvostrukim doktoratom. Bogato iskustvo u istraživanju i razvoju, proizvodnji i implementaciji poslovnih i IoT platformi stekao je na prethodnoj poziciji te kao predavač na više domaćih i stranih fakulteta. Dr. Drago Cmuk je i potpredsjednik Klastera ICT industrije te član Sektorskog vijeća za elektrotehniku i računarstvo.</p>

<p>Dr.sc. Drago Cmuk, Chief Business Officer u CADCAM Group za Hrvatsku i predavač iz područja digitalne transformacije poduzeća. Dr. Drago Cmuk, poslovni direktor tvrtke CADCAM Design Centar, članice CADCAM Grupe, je IoT stručnjak s međunarodnim dvostrukim doktoratom. Bogato iskustvo u&#8230;</p>
