{"id":2826,"date":"2022-04-21T22:28:56","date_gmt":"2022-04-21T22:28:56","guid":{"rendered":"http:\/\/tsoi.produkcija.ba\/?post_type=speaker&#038;p=2826"},"modified":"2022-07-22T11:20:18","modified_gmt":"2022-07-22T11:20:18","slug":"ismar-alagic","status":"publish","type":"speaker","link":"https:\/\/targer.ba\/soi\/speaker\/ismar-alagic\/","title":{"rendered":"Ismar Alagi\u0107"},"content":{"rendered":"\n<p>Dr. Ismar Alagi\u0107 je trenutno CEO privredne organizacije TRA Ta\u0161anj. Akademske titule sticao na Ma\u0161inskom fakultetu Zenica i Ma\u0161inski fakultet Mostar. Profesor i predava\u010d iz niza predmeta iz oblasti Organizacije i Ekonomike preduze\u0107a.<\/p>\n\n\n\n<p><\/p>\n","protected":false},"excerpt":{"rendered":"<p>Dr. Ismar Alagi\u0107 je trenutno CEO privredne organizacije TRA Ta\u0161anj. Akademske titule sticao na Ma\u0161inskom fakultetu Zenica i Ma\u0161inski fakultet Mostar. Profesor i predava\u010d iz niza predmeta iz oblasti Organizacije i Ekonomike preduze\u0107a.<\/p>\n","protected":false},"author":1,"featured_media":2824,"comment_status":"open","ping_status":"closed","template":"","meta":{"iawp_total_views":19,"footnotes":""},"speaker-category":[160],"speaker-tags":[],"location":[],"class_list":["post-2826","speaker","type-speaker","status-publish","has-post-thumbnail","hentry","speaker-category-targer-treneri"],"_links":{"self":[{"href":"https:\/\/targer.ba\/soi\/wp-json\/wp\/v2\/speaker\/2826","targetHints":{"allow":["GET"]}}],"collection":[{"href":"https:\/\/targer.ba\/soi\/wp-json\/wp\/v2\/speaker"}],"about":[{"href":"https:\/\/targer.ba\/soi\/wp-json\/wp\/v2\/types\/speaker"}],"author":[{"embeddable":true,"href":"https:\/\/targer.ba\/soi\/wp-json\/wp\/v2\/users\/1"}],"replies":[{"embeddable":true,"href":"https:\/\/targer.ba\/soi\/wp-json\/wp\/v2\/comments?post=2826"}],"version-history":[{"count":2,"href":"https:\/\/targer.ba\/soi\/wp-json\/wp\/v2\/speaker\/2826\/revisions"}],"predecessor-version":[{"id":2829,"href":"https:\/\/targer.ba\/soi\/wp-json\/wp\/v2\/speaker\/2826\/revisions\/2829"}],"wp:featuredmedia":[{"embeddable":true,"href":"https:\/\/targer.ba\/soi\/wp-json\/wp\/v2\/media\/2824"}],"wp:attachment":[{"href":"https:\/\/targer.ba\/soi\/wp-json\/wp\/v2\/media?parent=2826"}],"wp:term":[{"taxonomy":"speaker-category","embeddable":true,"href":"https:\/\/targer.ba\/soi\/wp-json\/wp\/v2\/speaker-category?post=2826"},{"taxonomy":"speaker-tags","embeddable":true,"href":"https:\/\/targer.ba\/soi\/wp-json\/wp\/v2\/speaker-tags?post=2826"},{"taxonomy":"location","embeddable":true,"href":"https:\/\/targer.ba\/soi\/wp-json\/wp\/v2\/location?post=2826"}],"curies":[{"name":"wp","href":"https:\/\/api.w.org\/{rel}","templated":true}]}}

Ismar Alagić

<p>Dr. Ismar Alagić je trenutno CEO privredne organizacije TRA Tašanj. Akademske titule sticao na Mašinskom fakultetu Zenica i Mašinski fakultet Mostar. Profesor i predavač iz niza predmeta iz oblasti Organizacije i Ekonomike preduzeća.</p>



<p></p>

<p>Dr. Ismar Alagić je trenutno CEO privredne organizacije TRA Tašanj. Akademske titule sticao na Mašinskom fakultetu Zenica i Mašinski fakultet Mostar. Profesor i predavač iz niza predmeta iz oblasti Organizacije i Ekonomike preduzeća.</p>
