{"id":2822,"date":"2022-04-21T22:27:31","date_gmt":"2022-04-21T22:27:31","guid":{"rendered":"http:\/\/tsoi.produkcija.ba\/?post_type=speaker&#038;p=2822"},"modified":"2022-07-22T11:20:28","modified_gmt":"2022-07-22T11:20:28","slug":"almin-saheta","status":"publish","type":"speaker","link":"https:\/\/targer.ba\/soi\/speaker\/almin-saheta\/","title":{"rendered":"Almin \u0160aheta"},"content":{"rendered":"\n<p>Almin \u0160aheta je jedan od eksperata za oblasti SCM-a i logistike unutar Targera E&amp;C. Upravljanje tokom materijala je prvenstveno imao prilike u\u010diti kroz dugogodi\u0161nji anga\u017eman unutar Prevent Grupacije, gdje je i danas aktivan. Obavljao je poslove operativne i strate\u0161ke nabave, rukovodio procesima nabave i SCM-a u pojedinim Preventoviom kompanijama, da bi karijeru nastavio na mjestu direktora firmi Eybl Austria GmbH i Woessner GmbH. Tokom karijere bio je zadu\u017een za vi\u0161e projekata optimiranja tro\u0161kova u nabavi i toku materijala, kao i uvo\u0111enju potpuno novih procesa, dobavlja\u010da (djelimi\u010dno preko-okeanskih) i repromaterijala. Kroz rukovo\u0111enje kompanijama stekao je vje\u0161tine sagledavanja poslovnih procesa u cjelini, \u010dime kompetencije u oblasti SCM-a i nabave jo\u0161 vi\u0161e dobijaju na zna\u010daju. Unutar Targera anga\u017eovan kao honorarni trener i konsultant.<\/p>\n\n\n\n<p><\/p>\n","protected":false},"excerpt":{"rendered":"<p>Almin \u0160aheta je jedan od eksperata za oblasti SCM-a i logistike unutar Targera E&amp;C. Upravljanje tokom materijala je prvenstveno imao prilike u\u010diti kroz dugogodi\u0161nji anga\u017eman unutar Prevent Grupacije, gdje je i danas aktivan. Obavljao je poslove operativne i strate\u0161ke nabave,&#8230;<\/p>\n","protected":false},"author":1,"featured_media":2824,"comment_status":"open","ping_status":"closed","template":"","meta":{"iawp_total_views":8,"footnotes":""},"speaker-category":[160],"speaker-tags":[],"location":[],"class_list":["post-2822","speaker","type-speaker","status-publish","has-post-thumbnail","hentry","speaker-category-targer-treneri"],"_links":{"self":[{"href":"https:\/\/targer.ba\/soi\/wp-json\/wp\/v2\/speaker\/2822","targetHints":{"allow":["GET"]}}],"collection":[{"href":"https:\/\/targer.ba\/soi\/wp-json\/wp\/v2\/speaker"}],"about":[{"href":"https:\/\/targer.ba\/soi\/wp-json\/wp\/v2\/types\/speaker"}],"author":[{"embeddable":true,"href":"https:\/\/targer.ba\/soi\/wp-json\/wp\/v2\/users\/1"}],"replies":[{"embeddable":true,"href":"https:\/\/targer.ba\/soi\/wp-json\/wp\/v2\/comments?post=2822"}],"version-history":[{"count":2,"href":"https:\/\/targer.ba\/soi\/wp-json\/wp\/v2\/speaker\/2822\/revisions"}],"predecessor-version":[{"id":2825,"href":"https:\/\/targer.ba\/soi\/wp-json\/wp\/v2\/speaker\/2822\/revisions\/2825"}],"wp:featuredmedia":[{"embeddable":true,"href":"https:\/\/targer.ba\/soi\/wp-json\/wp\/v2\/media\/2824"}],"wp:attachment":[{"href":"https:\/\/targer.ba\/soi\/wp-json\/wp\/v2\/media?parent=2822"}],"wp:term":[{"taxonomy":"speaker-category","embeddable":true,"href":"https:\/\/targer.ba\/soi\/wp-json\/wp\/v2\/speaker-category?post=2822"},{"taxonomy":"speaker-tags","embeddable":true,"href":"https:\/\/targer.ba\/soi\/wp-json\/wp\/v2\/speaker-tags?post=2822"},{"taxonomy":"location","embeddable":true,"href":"https:\/\/targer.ba\/soi\/wp-json\/wp\/v2\/location?post=2822"}],"curies":[{"name":"wp","href":"https:\/\/api.w.org\/{rel}","templated":true}]}}

Almin Šaheta

<p>Almin Šaheta je jedan od eksperata za oblasti SCM-a i logistike unutar Targera E&amp;C. Upravljanje tokom materijala je prvenstveno imao prilike učiti kroz dugogodišnji angažman unutar Prevent Grupacije, gdje je i danas aktivan. Obavljao je poslove operativne i strateške nabave, rukovodio procesima nabave i SCM-a u pojedinim Preventoviom kompanijama, da bi karijeru nastavio na mjestu direktora firmi Eybl Austria GmbH i Woessner GmbH. Tokom karijere bio je zadužen za više projekata optimiranja troškova u nabavi i toku materijala, kao i uvođenju potpuno novih procesa, dobavljača (djelimično preko-okeanskih) i repromaterijala. Kroz rukovođenje kompanijama stekao je vještine sagledavanja poslovnih procesa u cjelini, čime kompetencije u oblasti SCM-a i nabave još više dobijaju na značaju. Unutar Targera angažovan kao honorarni trener i konsultant.</p>



<p></p>

<p>Almin Šaheta je jedan od eksperata za oblasti SCM-a i logistike unutar Targera E&amp;C. Upravljanje tokom materijala je prvenstveno imao prilike učiti kroz dugogodišnji angažman unutar Prevent Grupacije, gdje je i danas aktivan. Obavljao je poslove operativne i strateške nabave,&#8230;</p>
