{"id":2814,"date":"2022-04-21T22:24:37","date_gmt":"2022-04-21T22:24:37","guid":{"rendered":"http:\/\/tsoi.produkcija.ba\/?post_type=speaker&#038;p=2814"},"modified":"2022-07-22T11:20:46","modified_gmt":"2022-07-22T11:20:46","slug":"hadis-bajric","status":"publish","type":"speaker","link":"https:\/\/targer.ba\/soi\/speaker\/hadis-bajric\/","title":{"rendered":"Hadis Bajri\u0107"},"content":{"rendered":"\n<p>Dr. Hadis Bajri\u0107 je klju\u010dna nau\u010dno-stru\u010dna komponenta Targerovog tima za upravljanje tokom snabdjevanja (SCM &#8211; Supply Chain Management) i metode optimizacija operativnih procesa. Po zanimanju je doktor tehni\u010dkih nauka, zaposlen na katedri za Industrijsko in\u017einjerstvo i menad\u017ement na Ma\u0161inskom Fakultetu u Sarajevu. U\u017ea specijalnost su mu Supply Chain Management, industrijska logistika i upravljanje zalihama. Specijalnost mu je Lean i planiranje layout-a proizvodnih pogona. Pored posla na fakultetu, u\u010destvovao je na mnogobrojnim projektima u svim granama industrije. U Targeru je anga\u017eovan kao vanjski konsultant i trener za svoju oblast ekspertize.<\/p>\n\n\n\n<p><\/p>\n","protected":false},"excerpt":{"rendered":"<p>Dr. Hadis Bajri\u0107 je klju\u010dna nau\u010dno-stru\u010dna komponenta Targerovog tima za upravljanje tokom snabdjevanja (SCM &#8211; Supply Chain Management) i metode optimizacija operativnih procesa. Po zanimanju je doktor tehni\u010dkih nauka, zaposlen na katedri za Industrijsko in\u017einjerstvo i menad\u017ement na Ma\u0161inskom Fakultetu&#8230;<\/p>\n","protected":false},"author":1,"featured_media":2816,"comment_status":"open","ping_status":"closed","template":"","meta":{"iawp_total_views":43,"footnotes":""},"speaker-category":[160],"speaker-tags":[],"location":[],"class_list":["post-2814","speaker","type-speaker","status-publish","has-post-thumbnail","hentry","speaker-category-targer-treneri"],"_links":{"self":[{"href":"https:\/\/targer.ba\/soi\/wp-json\/wp\/v2\/speaker\/2814","targetHints":{"allow":["GET"]}}],"collection":[{"href":"https:\/\/targer.ba\/soi\/wp-json\/wp\/v2\/speaker"}],"about":[{"href":"https:\/\/targer.ba\/soi\/wp-json\/wp\/v2\/types\/speaker"}],"author":[{"embeddable":true,"href":"https:\/\/targer.ba\/soi\/wp-json\/wp\/v2\/users\/1"}],"replies":[{"embeddable":true,"href":"https:\/\/targer.ba\/soi\/wp-json\/wp\/v2\/comments?post=2814"}],"version-history":[{"count":2,"href":"https:\/\/targer.ba\/soi\/wp-json\/wp\/v2\/speaker\/2814\/revisions"}],"predecessor-version":[{"id":2817,"href":"https:\/\/targer.ba\/soi\/wp-json\/wp\/v2\/speaker\/2814\/revisions\/2817"}],"wp:featuredmedia":[{"embeddable":true,"href":"https:\/\/targer.ba\/soi\/wp-json\/wp\/v2\/media\/2816"}],"wp:attachment":[{"href":"https:\/\/targer.ba\/soi\/wp-json\/wp\/v2\/media?parent=2814"}],"wp:term":[{"taxonomy":"speaker-category","embeddable":true,"href":"https:\/\/targer.ba\/soi\/wp-json\/wp\/v2\/speaker-category?post=2814"},{"taxonomy":"speaker-tags","embeddable":true,"href":"https:\/\/targer.ba\/soi\/wp-json\/wp\/v2\/speaker-tags?post=2814"},{"taxonomy":"location","embeddable":true,"href":"https:\/\/targer.ba\/soi\/wp-json\/wp\/v2\/location?post=2814"}],"curies":[{"name":"wp","href":"https:\/\/api.w.org\/{rel}","templated":true}]}}

Hadis Bajrić

<p>Dr. Hadis Bajrić je ključna naučno-stručna komponenta Targerovog tima za upravljanje tokom snabdjevanja (SCM &#8211; Supply Chain Management) i metode optimizacija operativnih procesa. Po zanimanju je doktor tehničkih nauka, zaposlen na katedri za Industrijsko inžinjerstvo i menadžment na Mašinskom Fakultetu u Sarajevu. Uža specijalnost su mu Supply Chain Management, industrijska logistika i upravljanje zalihama. Specijalnost mu je Lean i planiranje layout-a proizvodnih pogona. Pored posla na fakultetu, učestvovao je na mnogobrojnim projektima u svim granama industrije. U Targeru je angažovan kao vanjski konsultant i trener za svoju oblast ekspertize.</p>



<p></p>

<p>Dr. Hadis Bajrić je ključna naučno-stručna komponenta Targerovog tima za upravljanje tokom snabdjevanja (SCM &#8211; Supply Chain Management) i metode optimizacija operativnih procesa. Po zanimanju je doktor tehničkih nauka, zaposlen na katedri za Industrijsko inžinjerstvo i menadžment na Mašinskom Fakultetu&#8230;</p>
