{"id":2806,"date":"2022-04-21T22:21:27","date_gmt":"2022-04-21T22:21:27","guid":{"rendered":"http:\/\/tsoi.produkcija.ba\/?post_type=speaker&#038;p=2806"},"modified":"2022-07-22T11:21:20","modified_gmt":"2022-07-22T11:21:20","slug":"jasmin-valjevac","status":"publish","type":"speaker","link":"https:\/\/targer.ba\/soi\/speaker\/jasmin-valjevac\/","title":{"rendered":"Jasmin Valjevac"},"content":{"rendered":"\n<p>Jasmin Valjevac je voditelj i glavni trener cjelokupnog Lean &#8211; Six Sigma programa pri Targer E&amp;C. Posjeduje vi\u0161e od 10 godina relevantnog iskustva koje je sticao rade\u0107i za doma\u0107e kompanije AvioExpress, Prevent Group i GIZ &#8211; Njema\u010dko dru\u0161tvo za me\u0111unarodnu saradnju. Na internacionalnom planu je rade\u0107i za konsultantsku firmu ProXcel u Berlinu imao mogu\u0107nost da u brojnim njema\u010dkim kompanijama u\u010destvuje ili rukovodi pri realizaciji programa Lean Six Sigma, poslovne izvrsnosti (Business Excellence) ili upravljanja kvalitetom. Nosilac je slijede\u0107ih certifikata:<br>\u2022 Lean Six Sigma Black Belt (Crni pojas), od strane ProXcel GmbH<br>\u2022 PMP Project Manager Professional &#8211; Certificirani projekt menad\u017eer, od strane PMI \u2013 Project Management Institute<br>\u2022 ISO 9001 Lead Auditor, od strane Bureau Veritas<br>Pored profesionalnih obaveza u\u017eiva u brdskom biciklizmu, o\u017eenjen je i otac dva djeteta.<\/p>\n\n\n\n<p><\/p>\n","protected":false},"excerpt":{"rendered":"<p>Jasmin Valjevac je voditelj i glavni trener cjelokupnog Lean &#8211; Six Sigma programa pri Targer E&amp;C. Posjeduje vi\u0161e od 10 godina relevantnog iskustva koje je sticao rade\u0107i za doma\u0107e kompanije AvioExpress, Prevent Group i GIZ &#8211; Njema\u010dko dru\u0161tvo za me\u0111unarodnu&#8230;<\/p>\n","protected":false},"author":1,"featured_media":2808,"comment_status":"open","ping_status":"closed","template":"","meta":{"iawp_total_views":22,"footnotes":""},"speaker-category":[160],"speaker-tags":[],"location":[],"class_list":["post-2806","speaker","type-speaker","status-publish","has-post-thumbnail","hentry","speaker-category-targer-treneri"],"_links":{"self":[{"href":"https:\/\/targer.ba\/soi\/wp-json\/wp\/v2\/speaker\/2806","targetHints":{"allow":["GET"]}}],"collection":[{"href":"https:\/\/targer.ba\/soi\/wp-json\/wp\/v2\/speaker"}],"about":[{"href":"https:\/\/targer.ba\/soi\/wp-json\/wp\/v2\/types\/speaker"}],"author":[{"embeddable":true,"href":"https:\/\/targer.ba\/soi\/wp-json\/wp\/v2\/users\/1"}],"replies":[{"embeddable":true,"href":"https:\/\/targer.ba\/soi\/wp-json\/wp\/v2\/comments?post=2806"}],"version-history":[{"count":2,"href":"https:\/\/targer.ba\/soi\/wp-json\/wp\/v2\/speaker\/2806\/revisions"}],"predecessor-version":[{"id":2809,"href":"https:\/\/targer.ba\/soi\/wp-json\/wp\/v2\/speaker\/2806\/revisions\/2809"}],"wp:featuredmedia":[{"embeddable":true,"href":"https:\/\/targer.ba\/soi\/wp-json\/wp\/v2\/media\/2808"}],"wp:attachment":[{"href":"https:\/\/targer.ba\/soi\/wp-json\/wp\/v2\/media?parent=2806"}],"wp:term":[{"taxonomy":"speaker-category","embeddable":true,"href":"https:\/\/targer.ba\/soi\/wp-json\/wp\/v2\/speaker-category?post=2806"},{"taxonomy":"speaker-tags","embeddable":true,"href":"https:\/\/targer.ba\/soi\/wp-json\/wp\/v2\/speaker-tags?post=2806"},{"taxonomy":"location","embeddable":true,"href":"https:\/\/targer.ba\/soi\/wp-json\/wp\/v2\/location?post=2806"}],"curies":[{"name":"wp","href":"https:\/\/api.w.org\/{rel}","templated":true}]}}

<p>Jasmin Valjevac je voditelj i glavni trener cjelokupnog Lean &#8211; Six Sigma programa pri Targer E&amp;C. Posjeduje više od 10 godina relevantnog iskustva koje je sticao radeći za domaće kompanije AvioExpress, Prevent Group i GIZ &#8211; Njemačko društvo za međunarodnu saradnju. Na internacionalnom planu je radeći za konsultantsku firmu ProXcel u Berlinu imao mogućnost da u brojnim njemačkim kompanijama učestvuje ili rukovodi pri realizaciji programa Lean Six Sigma, poslovne izvrsnosti (Business Excellence) ili upravljanja kvalitetom. Nosilac je slijedećih certifikata:<br>• Lean Six Sigma Black Belt (Crni pojas), od strane ProXcel GmbH<br>• PMP Project Manager Professional &#8211; Certificirani projekt menadžer, od strane PMI – Project Management Institute<br>• ISO 9001 Lead Auditor, od strane Bureau Veritas<br>Pored profesionalnih obaveza uživa u brdskom biciklizmu, oženjen je i otac dva djeteta.</p>



<p></p>

<p>Jasmin Valjevac je voditelj i glavni trener cjelokupnog Lean &#8211; Six Sigma programa pri Targer E&amp;C. Posjeduje više od 10 godina relevantnog iskustva koje je sticao radeći za domaće kompanije AvioExpress, Prevent Group i GIZ &#8211; Njemačko društvo za međunarodnu&#8230;</p>
