{"id":2798,"date":"2022-04-21T22:18:02","date_gmt":"2022-04-21T22:18:02","guid":{"rendered":"http:\/\/tsoi.produkcija.ba\/?post_type=speaker&#038;p=2798"},"modified":"2022-07-29T14:18:26","modified_gmt":"2022-07-29T14:18:26","slug":"anela-kukuljac-valjevac","status":"publish","type":"speaker","link":"https:\/\/targer.ba\/soi\/speaker\/anela-kukuljac-valjevac\/","title":{"rendered":"Anela Kukuljac Valjevac"},"content":{"rendered":"\n<p>15 godina prakti\u010dnog radnog iskustva na menad\u017eerskim, izvr\u0161nim pozicijama, sa menad\u017ementom ljudskih resursa kao osnovnim profesionalnim interesovanjem, u Targer E&amp;C radi na temama prvenstveno vezanim za HR. Magistrica menad\u017ementa na Univerzitetu u Sarajevu, a zavr\u0161ila i MBA Cotrugli studije u Zagrebu.<\/p>\n\n\n\n<p><\/p>\n","protected":false},"excerpt":{"rendered":"<p>15 godina prakti\u010dnog radnog iskustva na menad\u017eerskim, izvr\u0161nim pozicijama, sa menad\u017ementom ljudskih resursa kao osnovnim profesionalnim interesovanjem, u Targer E&amp;C radi na temama prvenstveno vezanim za HR. Magistrica menad\u017ementa na Univerzitetu u Sarajevu, a zavr\u0161ila i MBA Cotrugli studije u&#8230;<\/p>\n","protected":false},"author":1,"featured_media":3270,"comment_status":"open","ping_status":"closed","template":"","meta":{"iawp_total_views":19,"footnotes":""},"speaker-category":[160],"speaker-tags":[],"location":[],"class_list":["post-2798","speaker","type-speaker","status-publish","has-post-thumbnail","hentry","speaker-category-targer-treneri"],"_links":{"self":[{"href":"https:\/\/targer.ba\/soi\/wp-json\/wp\/v2\/speaker\/2798","targetHints":{"allow":["GET"]}}],"collection":[{"href":"https:\/\/targer.ba\/soi\/wp-json\/wp\/v2\/speaker"}],"about":[{"href":"https:\/\/targer.ba\/soi\/wp-json\/wp\/v2\/types\/speaker"}],"author":[{"embeddable":true,"href":"https:\/\/targer.ba\/soi\/wp-json\/wp\/v2\/users\/1"}],"replies":[{"embeddable":true,"href":"https:\/\/targer.ba\/soi\/wp-json\/wp\/v2\/comments?post=2798"}],"version-history":[{"count":2,"href":"https:\/\/targer.ba\/soi\/wp-json\/wp\/v2\/speaker\/2798\/revisions"}],"predecessor-version":[{"id":2801,"href":"https:\/\/targer.ba\/soi\/wp-json\/wp\/v2\/speaker\/2798\/revisions\/2801"}],"wp:featuredmedia":[{"embeddable":true,"href":"https:\/\/targer.ba\/soi\/wp-json\/wp\/v2\/media\/3270"}],"wp:attachment":[{"href":"https:\/\/targer.ba\/soi\/wp-json\/wp\/v2\/media?parent=2798"}],"wp:term":[{"taxonomy":"speaker-category","embeddable":true,"href":"https:\/\/targer.ba\/soi\/wp-json\/wp\/v2\/speaker-category?post=2798"},{"taxonomy":"speaker-tags","embeddable":true,"href":"https:\/\/targer.ba\/soi\/wp-json\/wp\/v2\/speaker-tags?post=2798"},{"taxonomy":"location","embeddable":true,"href":"https:\/\/targer.ba\/soi\/wp-json\/wp\/v2\/location?post=2798"}],"curies":[{"name":"wp","href":"https:\/\/api.w.org\/{rel}","templated":true}]}}

<p>15 godina praktičnog radnog iskustva na menadžerskim, izvršnim pozicijama, sa menadžmentom ljudskih resursa kao osnovnim profesionalnim interesovanjem, u Targer E&amp;C radi na temama prvenstveno vezanim za HR. Magistrica menadžmenta na Univerzitetu u Sarajevu, a završila i MBA Cotrugli studije u Zagrebu.</p>



<p></p>

<p>15 godina praktičnog radnog iskustva na menadžerskim, izvršnim pozicijama, sa menadžmentom ljudskih resursa kao osnovnim profesionalnim interesovanjem, u Targer E&amp;C radi na temama prvenstveno vezanim za HR. Magistrica menadžmenta na Univerzitetu u Sarajevu, a završila i MBA Cotrugli studije u&#8230;</p>
