{"id":2734,"date":"2022-04-21T21:48:12","date_gmt":"2022-04-21T21:48:12","guid":{"rendered":"http:\/\/tsoi.produkcija.ba\/?post_type=speaker&#038;p=2734"},"modified":"2022-07-22T11:17:33","modified_gmt":"2022-07-22T11:17:33","slug":"mladen-komarica","status":"publish","type":"speaker","link":"https:\/\/targer.ba\/soi\/speaker\/mladen-komarica\/","title":{"rendered":"Mladen Komarica"},"content":{"rendered":"<p>Zadnjih 23 godine bavi se prodajom , a trenutno je zaposlen u \u201cBE STAR\u201d na poziciji direktor i predsjednik centra. Prije toga, radio je kao regionalni menad\u017eer u \u201cWiener\u201d osiguranju.<\/p>\n<p>U \u201cGrawe\u201d osiguranju je prije 20 godina napravio vlastitu prodajnu mre\u017eu kao dio \u201cGreenfield\u201d investicije. Tako\u0111er, radio je i u dr\u017eavnim institucijama: Ministarstvo vanjskih poslova, Predsjedni\u0161tvu i Kancelariji Visokog predstavnika.<\/p>\n<p>U 1996. godini je bio na funkciji Ata\u0161ea za sigurnost u New Yorku. Medicinske studije zavr\u0161io je u Sarajevu 1992. godine, ali se poslije 1995.godine okrenuo ekonomiji te zavr\u0161io Poslovnu psihologiju.<br \/>\nU toku svoje karijere odr\u017eao je vi\u0161e stotina seminara, motivacijskih treninga i treninga prodaje. Dobitnik je mnogih priznanja iz oblasti prodaje i prodajnih vje\u0161tina.<\/p>\n","protected":false},"excerpt":{"rendered":"<p>Zadnjih 23 godine bavi se prodajom , a trenutno je zaposlen u \u201cBE STAR\u201d na poziciji direktor i predsjednik centra. Prije toga, radio je kao regionalni menad\u017eer u \u201cWiener\u201d osiguranju. U \u201cGrawe\u201d osiguranju je prije 20 godina napravio vlastitu prodajnu&#8230;<\/p>\n","protected":false},"author":1,"featured_media":2736,"comment_status":"open","ping_status":"closed","template":"","meta":{"iawp_total_views":30,"footnotes":""},"speaker-category":[160],"speaker-tags":[],"location":[],"class_list":["post-2734","speaker","type-speaker","status-publish","has-post-thumbnail","hentry","speaker-category-targer-treneri"],"_links":{"self":[{"href":"https:\/\/targer.ba\/soi\/wp-json\/wp\/v2\/speaker\/2734","targetHints":{"allow":["GET"]}}],"collection":[{"href":"https:\/\/targer.ba\/soi\/wp-json\/wp\/v2\/speaker"}],"about":[{"href":"https:\/\/targer.ba\/soi\/wp-json\/wp\/v2\/types\/speaker"}],"author":[{"embeddable":true,"href":"https:\/\/targer.ba\/soi\/wp-json\/wp\/v2\/users\/1"}],"replies":[{"embeddable":true,"href":"https:\/\/targer.ba\/soi\/wp-json\/wp\/v2\/comments?post=2734"}],"version-history":[{"count":2,"href":"https:\/\/targer.ba\/soi\/wp-json\/wp\/v2\/speaker\/2734\/revisions"}],"predecessor-version":[{"id":2737,"href":"https:\/\/targer.ba\/soi\/wp-json\/wp\/v2\/speaker\/2734\/revisions\/2737"}],"wp:featuredmedia":[{"embeddable":true,"href":"https:\/\/targer.ba\/soi\/wp-json\/wp\/v2\/media\/2736"}],"wp:attachment":[{"href":"https:\/\/targer.ba\/soi\/wp-json\/wp\/v2\/media?parent=2734"}],"wp:term":[{"taxonomy":"speaker-category","embeddable":true,"href":"https:\/\/targer.ba\/soi\/wp-json\/wp\/v2\/speaker-category?post=2734"},{"taxonomy":"speaker-tags","embeddable":true,"href":"https:\/\/targer.ba\/soi\/wp-json\/wp\/v2\/speaker-tags?post=2734"},{"taxonomy":"location","embeddable":true,"href":"https:\/\/targer.ba\/soi\/wp-json\/wp\/v2\/location?post=2734"}],"curies":[{"name":"wp","href":"https:\/\/api.w.org\/{rel}","templated":true}]}}

<p>Zadnjih 23 godine bavi se prodajom , a trenutno je zaposlen u “BE STAR” na poziciji direktor i predsjednik centra. Prije toga, radio je kao regionalni menadžer u “Wiener” osiguranju.</p>
<p>U “Grawe” osiguranju je prije 20 godina napravio vlastitu prodajnu mrežu kao dio “Greenfield” investicije. Također, radio je i u državnim institucijama: Ministarstvo vanjskih poslova, Predsjedništvu i Kancelariji Visokog predstavnika.</p>
<p>U 1996. godini je bio na funkciji Atašea za sigurnost u New Yorku. Medicinske studije završio je u Sarajevu 1992. godine, ali se poslije 1995.godine okrenuo ekonomiji te završio Poslovnu psihologiju.<br />
U toku svoje karijere održao je više stotina seminara, motivacijskih treninga i treninga prodaje. Dobitnik je mnogih priznanja iz oblasti prodaje i prodajnih vještina.</p>

<p>Zadnjih 23 godine bavi se prodajom , a trenutno je zaposlen u “BE STAR” na poziciji direktor i predsjednik centra. Prije toga, radio je kao regionalni menadžer u “Wiener” osiguranju. U “Grawe” osiguranju je prije 20 godina napravio vlastitu prodajnu&#8230;</p>
